95 is divided by 102.
91
What is the remainder when 119 is divided by 46?
27
What is the remainder when 62 is divided by 29?
4
What is the remainder when 258 is divided by 26?
24
What is the remainder when 139 is divided by 20?
19
What is the remainder when 213 is divided by 37?
28
What is the remainder when 129 is divided by 8?
1
What is the remainder when 692 is divided by 342?
8
What is the remainder when 658 is divided by 19?
12
Calculate the remainder when 13439 is divided by 80.
79
What is the remainder when 346 is divided by 51?
40
Calculate the remainder when 169 is divided by 58.
53
What is the remainder when 1132 is divided by 325?
157
What is the remainder when 328 is divided by 12?
4
What is the remainder when 510 is divided by 27?
24
What is the remainder when 375 is divided by 166?
43
Calculate the remainder when 239 is divided by 52.
31
Calculate the remainder when 410 is divided by 120.
50
What is the remainder when 773 is divided by 31?
29
What is the remainder when 414 is divided by 42?
36
Calculate the remainder when 105 is divided by 25.
5
Calculate the remainder when 2008 is divided by 285.
13
Calculate the remainder when 779 is divided by 217.
128
Calculate the remainder when 669 is divided by 48.
45
What is the remainder when 78 is divided by 46?
32
What is the remainder when 1477 is divided by 74?
71
Calculate the remainder when 925 is divided by 53.
24
What is the remainder when 663 is divided by 53?
27
Calculate the remainder when 586 is divided by 82.
12
What is the remainder when 543 is divided by 174?
21
Calculate the remainder when 230 is divided by 79.
72
Calculate the remainder when 639 is divided by 273.
93
What is the remainder when 111 is divided by 34?
9
Calculate the remainder when 68 is divided by 25.
18
What is the remainder when 2752 is divided by 1366?
20
Calculate the remainder when 287 is divided by 24.
23
What is the remainder when 237 is divided by 63?
48
Calculate the remainder when 1773 is divided by 349.
28
Calculate the remainder when 49 is divided by 37.
12
What is the remainder when 544 is divided by 315?
229
Calculate the remainder when 132 is divided by 3.
0
What is the remainder when 76 is divided by 9?
4
Calculate the remainder when 25398 is divided by 50.
48
What is the remainder when 119 is divided by 19?
5
What is the remainder when 2083 is divided by 117?
94
What is the remainder when 103 is divided by 20?
3
What is the remainder when 64 is divided by 24?
16
Calculate the remainder when 55 is divided by 18.
1
What is the remainder when 92 is divided by 16?
12
What is the remainder when 391 is divided by 338?
53
Calculate the remainder when 583 is divided by 39.
37
What is the remainder when 319 is divided by 111?
97
What is the remainder when 2576 is divided by 643?
4
What is the remainder when 106 is divided by 8?
2
Calculate the remainder when 906 is divided by 151.
0
Calculate the remainder when 493 is divided by 29.
0
Calculate the remainder when 25 is divided by 4.
1
What is the remainder when 368 is divided by 191?
177
What is the remainder when 4889 is divided by 67?
65
What is the remainder when 96 is divided by 43?
10
Calculate the remainder when 914 is divided by 446.
22
Calculate the remainder when 737 is divided by 96.
65
Calculate the remainder when 545 is divided by 22.
17
Calculate the remainder when 314 is divided by 53.
49
What is the remainder when 551 is divided by 17?
7
What is the remainder when 1463 is divided by 24?
23
Calculate the remainder when 124 is divided by 101.
23
Calculate the remainder when 181 is divided by 47.
40
Calculate the remainder when 4479 is divided by 20.
19
Calculate the remainder when 430 is divided by 62.
58
Calculate the remainder when 24 is divided by 5.
4
What is the remainder when 28 is divided by 8?
4
Calculate the remainder when 1030 is divided by 50.
30
Calculate the remainder when 301 is divided by 45.
31
Calculate the remainder when 796 is divided by 398.
0
Calculate the remainder when 54 is divided by 18.
0
Calculate the remainder when 1197 is divided by 16.
13
Calculate the remainder when 4058 is divided by 254.
248
What is the remainder when 52 is divided by 45?
7
Calculate the remainder when 49 is divided by 17.
15
Calculate the remainder when 2099 is divided by 96.
83
Calculate the remainder when 474 is divided by 272.
202
What is the remainder when 669 is divided by 67?
66
What is the remainder when 259 is divided by 14?
7
What is the remainder when 703 is divided by 89?
80
What is the remainder when 206 is divided by 79?
48
What is the remainder when 916 is divided by 51?
49
What is the remainder when 455 is divided by 19?
18
Calculate the remainder when 421 is divided by 400.
21
Calculate the remainder when 1330 is divided by 58.
54
What is the remainder when 265 is divided by 61?
21
Calculate the remainder when 64 is divided by 25.
14
Calculate the remainder when 220 is divided by 42.
10
Calculate the remainder when 6808 is divided by 5.
3
What is the remainder when 218 is divided by 29?
15
Calculate the remainder when 2010 is divided by 984.
42
Calculate the remainder when 96 is divided by 18.
6
Calculate the remainder when 163 is divided by 34.
27
What is the remainder when 103 is divided by 73?
30
Calculate the remainder when 642 is divided by 43.
40
Calculate the remainder when 212 is divided by 73.
66
Calculate the remainder when 182 is divided by 95.
87
Calculate the remainder when 231 is divided by 33.
0
What is the remainder when 4733 is divided by 157?
23
What is the remainder when 515 is divided by 62?
19
Calculate the remainder when 6687 is divided by 32.
31
What is the remainder when 839 is divided by 415?
9
Calculate the remainder when 1328 is divided by 121.
118
Calculate the remainder when 505 is divided by 107.
77
Calculate the remainder when 131 is divided by 33.
32
What is the remainder when 630 is divided by 79?
77
What is the remainder when 4827 is divided by 4?
3
What is the remainder when 10688 is divided by 23?
16
What is the remainder when 866 is divided by 14?
12
Calculate the remainder when 24 is divided by 7.
3
What is the remainder when 272 is divided by 17?
0
Calculate the remainder when 841 is divided by 67.
37
What is the remainder when 2165 is divided by 13?
7
Calculate the remainder when 149 is divided by 59.
31
Calculate the remainder when 275 is divided by 14.
9
Calculate the remainder when 166 is divided by 166.
0
Calculate the remainder when 100 is divided by 29.
13
Calculate the remainder when 355 is divided by 93.
76
What is the remainder when 59 is divided by 12?
11
What is the remainder when 3595 is divided by 190?
175
Calculate the remainder when 885 is divided by 178.
173
Calculate the remainder when 1494 is divided by 12.
6
Calculate the remainder when 282 is divided by 87.
21
What is the remainder when 55634 is divided by 28?
26
What is the remainder when 192 is divided by 65?
62
Calculate the remainder when 129 is divided by 54.
21
Calculate the remainder when 799 is divided by 50.
49
Calculate the remainder when 909 is divided by 53.
8
What is the remainder when 299 is divided by 94?
17
Calculate the remainder when 40 is divided by 30.
10
Calculate the remainder when 168 is divided by 157.
11
Calculate the remainder when 3724 is divided by 138.
136
What is the remainder when 245 is divided by 41?
40
What is the remainder when 466 is divided by 21?
4
Calculate the remainder when 5267 is divided by 310.
307
Calculate the remainder when 87 is divided by 11.
10
Calculate the remainder when 275 is divided by 26.
15
What is the remainder when 414 is divided by 209?
205
What is the remainder when 232 is divided by 18?
16
What is the remainder when 404 is divided by 81?
80
What is the remainder when 456 is divided by 36?
24
What is the remainder when 98 is divided by 36?
26
Calculate the remainder when 63 is divided by 33.
30
Calculate the remainder when 1539 is divided by 67.
65
Calculate the remainder when 137 is divided by 9.
2
What is the remainder when 123 is divided by 47?
29
What is the remainder when 125 is divided by 73?
52
What is the remainder when 1097 is divided by 122?
121
What is the remainder when 246 is divided by 66?
48
What is the remainder when 55 is divided